3
In base 15, what is 69 - 57a0?
-5736
In base 9, what is 41 + -3080214?
-3080163
In base 4, what is -10303011313 + 0?
-10303011313
In base 7, what is 2310562001 - 12?
2310561656
In base 14, what is -401c724 + 4?
-401c720
In base 3, what is -10 - -2102002200110?
2102002200100
In base 3, what is 10 - -11122021121110?
11122021121120
In base 11, what is -210403652 - -3?
-21040364a
In base 14, what is 79c4d + d?
79c5c
In base 14, what is -1a0 - 2a4322?
-2a44c2
In base 14, what is 6946db - 7?
6946d4
In base 2, what is -10001011 - 100011010100001100100100?
-100011010100001110101111
In base 5, what is -241101433 - 11?
-241101444
In base 4, what is -10 - -32331132121?
32331132111
In base 4, what is -113013 + 310311131?
310132112
In base 13, what is -5 - 1566154?
-1566159
In base 11, what is -159 - -357783?
357625
In base 13, what is 75b2b + 127?
75c55
In base 16, what is -130 + f6d3?
f5a3
In base 10, what is -36631 + -15090?
-51721
In base 13, what is b8 + -32ba18?
-32b930
In base 7, what is -1211131134 - -10?
-1211131124
In base 11, what is -2 + -8673a31?
-8673a33
In base 5, what is -4 - 223044440?
-223044444
In base 11, what is -a803 - -4665?
-6149
In base 12, what is 4 + 197252?
197256
In base 7, what is -206026 + -3?
-206032
In base 9, what is 543155202 - -3?
543155205
In base 16, what is -1465d + 2f4?
-14369
In base 14, what is -60 + -15d56d?
-15d5cd
In base 5, what is -21 + -230331023?
-230331044
In base 8, what is 72266 + 17510?
111776
In base 14, what is -76a67 - -a?
-76a5b
In base 2, what is -10100 + -1101101111110010?
-1101110000000110
In base 9, what is 6 + 210663?
210670
In base 10, what is 11206 - -17578?
28784
In base 12, what is -2 + -3a6492a?
-3a64930
In base 14, what is 50a16 - 83?
50973
In base 11, what is 18 + 35842?
3585a
In base 9, what is 1013141 - -1260?
1014411
In base 15, what is 39 + -e882d?
-e87e4
In base 11, what is -2941 - -4105?
1274
In base 9, what is 31726171 + -4?
31726166
In base 6, what is 3121202411 - -4?
3121202415
In base 16, what is dd - 8000c?
-7ff2f
In base 12, what is b6b58 + -a15?
b6143
In base 11, what is 2134936 + 4?
213493a
In base 16, what is 113 + 16c2c?
16d3f
In base 13, what is 4 + -20a44a3?
-20a449c
In base 16, what is -5437af + a?
-5437a5
In base 12, what is 0 + -34b0a63?
-34b0a63
In base 12, what is -4 - -12527979?
12527975
In base 10, what is -104 + -87998?
-88102
In base 16, what is -314efe0 + 4?
-314efdc
In base 8, what is 36 - 22302?
-22244
In base 6, what is -54123511 - 2?
-54123513
In base 16, what is 3f1920 + -5?
3f191b
In base 2, what is 1111000011010 + 1101101101?
10000110000111
In base 15, what is 2 + 7c3a554?
7c3a556
In base 14, what is -614 - -9a57a?
99d66
In base 5, what is 44443 + -333210?
-233212
In base 15, what is 3eb615 - 1c9?
3eb43b
In base 8, what is -22525051 - -1?
-22525050
In base 7, what is 4410 + 122536?
130246
In base 5, what is 2 - -22134314322?
22134314324
In base 5, what is -123302101022 + 3?
-123302101014
In base 9, what is -1306207 + 1507?
-1304600
In base 11, what is -280 - -396586?
396306
In base 15, what is 6d7 + -480c?
-4125
In base 2, what is 110100 + 100001001011111100?
100001001100110000
In base 13, what is -22b4a - 169c?
-24519
In base 13, what is 140 + 71258?
71398
In base 3, what is 12 - 21000211101121?
-21000211101102
In base 3, what is -12211 - 1101022011021?
-1101022101002
In base 12, what is -4 - -622b570?
622b568
In base 11, what is -2 + 62325a5?
62325a3
In base 7, what is -1525 - 310314?
-312142
In base 16, what is 94af - 69a?
8e15
In base 6, what is 23530235313 - 0?
23530235313
In base 7, what is -4 - -1303026113?
1303026106
In base 14, what is 57dcac0 - -5?
57dcac5
In base 15, what is 194893 - 193?
194700
In base 7, what is 3 + 220134401?
220134404
In base 7, what is 2 - 146114244?
-146114242
In base 13, what is 0 + -23b0325?
-23b0325
In base 9, what is 2 - -35288271?
35288273
In base 6, what is 12540432203 - 5?
12540432154
In base 4, what is 220000131 + 330?
220001121
In base 8, what is -2115 + -1621302?
-1623417
In base 16, what is -a4 + -8b79?
-8c1d
In base 11, what is -a41 - 2089?
-301a
In base 12, what is -1 + -4a5b1b5?
-4a5b1b6
In base 10, what is -2035051 - 7?
-2035058
In base 5, what is 10 - 14034210411?
-14034210401
In base 11, what is -2a4783 + 9?
-2a4775
In base 10, what is -84290301 + 5?
-84290296
In base 7, what is 205335 + -11?
205324
In base 15, what is -3 + 8bb01be?
8bb01bb
In base 10, what is 0 + 9148241?
9148241
In base 5, what is 1041020 + -3141?
1032324
In base 6, what is 11130152 - 1252?
11124500
In base 11, what is 8945 + 1353?
a198
In base 3, what is 20220100 + 2102212112?
2200202212
In base 10, what is 2 - -5870765?
5870767
In base 7, what is 2141463 - -12?
2141505
In base 14, what is 5d4b1 + 700?
5dbb1
In base 8, what is 463106333 - 4?
463106327
In base 2, what is 10110 - 1111001010100010011111?
-1111001010100010001001
In base 16, what is 51 - 2837?
-27e6
In base 8, what is 3 - -6250714?
6250717
In base 6, what is 2401 - -34?
2435
In base 3, what is 21102022011221 - 2?
21102022011212
In base 5, what is -14412200110 + -20?
-14412200130
In base 4, what is -1001221 + 231003?
-110212
In base 14, what is c5156 - 904?
c4652
In base 15, what is -11 + -6dcebd?
-6dcece
In base 12, what is -1b0 + -2634?
-2824
In base 3, what is 200021020212 - -10?
200021020222
In base 6, what is 14302 + -30253?
-11551
In base 3, what is -1102012 + -2212211?
-11022000
In base 15, what is -a285a5c + 5?
-a285a57
In base 13, what is 3a2c71 + a3?
3a3044
In base 3, what is 102022121 + -11110212201?
-11001120010
In base 15, what is -1eac - 38b0?
-586c
In base 6, what is 433 + -3454221?
-3453344
In base 10, what is -63 + -233447?
-233510
In base 11, what is 114757923 - 4?
11475791a
In base 5, what is -132042123143 - 1?
-132042123144
In base 8, what is -3302 + -360343?
-363645
In base 7, what is 15164000161 + -1?
15164000160
In base 3, what is 211 - 10201110001010112?
-10201110001002201
In base 2, what is -10010110 - -111011101101101101001?
111011101101011010011
In base 9, what is -4 - -114851124?
114851120
In base 10, what is 114330 - 6731?
107599
In base 6, what is -14032 - 111341?
-125413
In base 16, what is -771557 - 4?
-77155b
In base 14, what is -526197b9 + 4?
-526197b5
In base 8, what is -274511 + 37416?
-235073
In base 4, what is 100321021113 + 2?
100321021121
In base 6, what is 24542 - 130003?
-101021
In base 9, what is 76274 + 6540?
83824
In base 11, what is a37 + -407?
630
In base 3, what is -12 - -102010200001001?
102010200000212
In base 14, what is -2c94d - 9?
-2c958
In base 7, what is 333 + -154032?
-153366
In base 16, what is -126 - 4169b?
-417c1
In base 15, what is 53c91 - 1824?
5246c
In base 12, what is -3766872 + 1a?
-3766854
In base 8, what is -10436 + 51076?
40440
In base 14, what is -337a6252 - 0?
-337a6252
In base 9, what is -83741 - 56?
-83807
In base 13, what is 388351 + -2?
38834c
In base 11, what is -463 - -3433?
2a80
In base 13, what is c2 - -593a0?
59492
In base 3, what is -202220120022111020 - -12?
-202220120022111001
In base 10, what is 2524556657 - -1?
2524556658
In base 6, what is 132 + 12444422?
12444554
In base 7, what is -2 + -2612333103?
-2612333105
In base 13, what is -26 - -1463b31?
1463b08
In base 11, what is 8 - -2264792?
226479a
In base 2, what is 100010001110001100011 + 101111?
100010001110010010010
In base 3, what is 2100022020201 - -2001?
2100022022202
In base 11, what is 121a85387 - 1?
121a85386
In base 14, what is 107 + b499?
b5a2
In base 13, what is 6133 - 4a17?
1419
In base 14, what is -1bd09 - -8?
-1bd01
In base 13, what is 33248 - -2a?
33275
In base 8, what is 704753 + -1104?
703647
In base 13, what is -1a1847 - a4?
-1a191b
In base 3, what is 2002120010001112 - 2?
2002120010001110
In base 7, what is 1 - -3051135514?
3051135515
In base 2, what is 10 + 1011101110011011010001?
1011101110011011010011
In base 10, what is -122 + 488668?
488546
In base 12, what is 8500 - -40a?
890a
In base 12, what is 1878323 + -2b?
18782b4
In base 15, what is 26d6 - 3b9?
231c
In base 7, what is -364056 + -14321?
-411410
In base 2, what is 1110111 - -110100000101011110001101?
110100000101100000000100
In base 2, what is 111011010111100101111100 - -101?
111011010111100110000001
In base 11, what is 10722803 + 4?
10722807
In base 6, wh